?
False
Let w be 2 - (1 - 1/1). Let r(f) = 36*f - 3. Is r(w) a prime number?
False
Let z = -41 + 62. Let c be (-2)/(-7) + 7344/z. Suppose -1135 = -5*q - c. Is q a composite number?
False
Suppose -4*y + 4693 = -5*z, 5*y - 3367 = -3*z + 2453. Is y prime?
False
Let h(v) = 12*v**2 - 4*v - 5. Is h(-2) composite?
True
Suppose -3*s - 955 = -8*s. Suppose -3*c = -4*z - s + 463, 0 = -4*z + 4*c + 276. Is z a prime number?
False
Suppose 5 = 2*l - 3*t + 1, -3*l + 2*t + 11 = 0. Suppose l*n = n - 16. Let c(z) = -z**3 - 4*z**2 - 5*z + 3. Is c(n) a prime number?
True
Let v(p) = -43*p - 4. Is v(-5) a prime number?
True
Let t be (-2)/(-4)*0 - -2. Suppose 2*l + t*l - 104 = 0. Suppose l = -3*w + 119. Is w a composite number?
False
Let v = 543 + -275. Let i = -137 + v. Is i a composite number?
False
Suppose 16 = -4*a, -17 - 5 = c + 4*a. Is ((-76)/c)/(8/12) composite?
False
Let l(c) = c - 2. Let x be l(-3). Let w(z) = -4 + 0*z + 3*z - 3*z - 3*z. Is w(x) a composite number?
False
Let y be ((-18)/8)/(5/(-20)). Suppose 0*j - 3*j = -y. Is j a prime number?
True
Let w(p) = -13*p - 2. Let i(h) = -3*h**2 + 6*h - 1. Let q be i(4). Let l = 18 + q. Is w(l) prime?
True
Let f(y) = 141*y**2 - 8*y + 4. Is f(3) a composite number?
False
Let o(c) = c + 9. Let u be o(-9). Let f(y) = 7*y + 28. Let m(s) = s + 1. Let i(b) = f(b) - 6*m(b). Is i(u) a prime number?
False
Suppose -3*d + 732 = 3*l, d - 1 - 4 = 0. Is l prime?
True
Suppose -4*d + 2*d = -2582. Is d composite?
False
Let q = -1415 - -2002. Is q prime?
True
Let s = -64 + 357. Is s a prime number?
True
Suppose 7 = -3*m - 8. Let h(u) = 2 - 2*u + 1 + 5*u**2 + 5*u. Is h(m) a prime number?
True
Is -1*(-36 - -2)/((-4)/(-38)) a composite number?
True
Let r be (4 + -1)*(-17 - 0). Let o be 2 - (-5)/((-5)/r). Suppose 0*k + o = k. Is k a composite number?
False
Let i(j) = -2*j**3 + 4*j**2. Let a be i(-3). Suppose 4*l - 154 = a. Let p = 138 - l. Is p prime?
False
Let l = 2 + -9. Let s(x) = x + 1. Let w be s(l). Let h(u) = 2*u**2 + 10*u + 9. Is h(w) a prime number?
False
Suppose 4*c - 3*c = 0. Suppose -2*o + 38 + 344 = c. Is o a composite number?
False
Suppose 4*r + 894 = 2*x + 6*r, 3*r = 0. Is x composite?
True
Suppose 3*x = 4*z - 8827, z = -3*z - 5*x + 8787. Is z composite?
False
Let g be ((-14)/21)/((-2)/(-3)). Is (-5)/5*g*53 a composite number?
False
Let r = 52 - -105. Is r a prime number?
True
Suppose 4*y + 7*o = 3*o + 332, 4*y - o - 307 = 0. Let v = y - 23. Is v composite?
True
Let r = 7873 - 4670. Is r composite?
False
Let l = -2 - -2. Suppose l = 2*v - 0 - 8. Suppose 0 = -a + 4*y + 19, -5*a = -v*y - 0*y - 63. Is a a prime number?
True
Suppose -7 - 1 = -4*c. Let f = c - 5. Is 1*12 + (f - -1) a composite number?
True
Let s be (-2)/(-10) + (-477)/(-15). Suppose -3*q = z + s + 22, 2*q + 226 = -4*z. Let t = 20 - z. Is t a prime number?
False
Let q(s) = s. Suppose 4*z = -3*w + 27, 0*w + 3*w - 24 = -3*z. Let j be q(z). Suppose 5*g = 5*d + 815, 0*d + 485 = j*g - d. Is g prime?
False
Suppose 5*i - 2135 = 120. Suppose -4*o = -i - 321. Suppose 3*k - 4*x - 322 + 43 = 0, -o = -2*k + 5*x. Is k a composite number?
False
Let k be 1/(-5) - (-1)/5. Suppose 4*u = -0*w - w - 19, k = -4*u + 4*w - 4. Is (u/12)/(1/(-327)) a prime number?
True
Let p = -3 - -32. Let d = -7 + 10. Suppose -d*t + p = -124. Is t composite?
True
Let f(w) = -w**2 - 8*w - 1. Let x be f(-7). Is 2/x - (-356)/3 a prime number?
False
Suppose 2*i - 4*i = 4*r - 24, 3*r + 5*i = 32. Suppose -r*n + 554 = -5*t, 3*n = -2*n - t + 678. Suppose -x - 2*l = -48, -4*l - n = -3*x - 2*l. Is x composite?
True
Suppose -68 + 533 = 5*q. Is q prime?
False
Let y(b) = b - 1. Let h be y(4). Suppose 2*v + z = 2*z + 63, 141 = 4*v + h*z. Is v a composite number?
True
Let h(l) = l**2 - 10*l + 8. Let c be h(10). Let w = -2 - c. Is 8*w/(-16)*2 prime?
False
Let x = 6 - 7. Let o = 4 + x. Suppose -o*w + 3*u = -2*w - 6, -2*u = -10. Is w a prime number?
False
Suppose 4*r = -5*q - 0*q + 379, 5*q + 5*r - 375 = 0. Is q a prime number?
True
Let f(r) = -r**3 + 13*r**2 - r - 5. Let h(o) = -10*o + 8. Let w(t) = -t + 1. Let d(a) = -3*h(a) + 24*w(a). Let c be d(2). Is f(c) composite?
False
Suppose -8*v + 13*v = 12605. Is v prime?
True
Is 4 + 686 + 1 - -3 composite?
True
Let k(y) be the third derivative of -y**7/840 + y**6/60 - y**5/60 + y**4/24 - y**3/6 + y**2. Let x(c) be the first derivative of k(c). Is x(4) prime?
False
Suppose 3*y = 3*p + p + 4185, -4*y + 5*p = -5581. Is y a composite number?
False
Let q be 1/1 + (11 - 2). Suppose 0*u - 18 = 3*u. Is (-201)/(-15) - u/q prime?
False
Suppose j + 7 = -4*x - 14, -4*j - x = 114. Let a = -8 - j. Is a a composite number?
True
Let j(l) = 54*l**2 + 4*l - 3. Is j(4) composite?
False
Let j(q) = -q - 2. Let w be j(-2). Suppose w = -z + 9 - 3. Suppose -15 = -3*l + z. Is l a prime number?
True
Let x(i) = -i**3 + i**2 + i + 2. Let r = 2 - 2. Let o be x(r). Suppose 0 = -3*y - o*y + 265. Is y a composite number?
False
Let c = -10 - -13. Suppose c*w + l - 125 = -w, -w - 4*l = -35. Is w a composite number?
False
Suppose -3*w = 5*n - 30, 10 = 3*w - 5. Suppose p - n*r - 106 = 0, -2*p + 2*r + 221 = -r. Is p composite?
True
Let h be 2/4 - (-18)/4. Suppose d = h*d - 36. Let s(z) = -z**3 + 10*z**2 - 4. Is s(d) a composite number?
True
Suppose -3*f = 3*f. Let q(w) = -w**3 - w**2 - w + 203. Is q(f) prime?
False
Let g = 4215 - 2900. Is g a prime number?
False
Let v(j) be the first derivative of -3*j**4/4 + j**3 - 3*j**2/2 + 2*j - 2. Is v(-3) composite?
True
Suppose -5*x + 50 = 20. Let p be x/10 - (-72)/(-20). Let i(c) = -7*c - 2. Is i(p) prime?
True
Let p be 2*1/2*4. Suppose 150 = p*x - 46. Is x prime?
False
Let j be (-1785)/6*(-8)/10. Let s = 175 + j. Is s composite?
True
Let g = 53 - 31. Is g prime?
False
Let c(n) = 12*n. Suppose 4*x + 2 = 6*x. Let a be c(x). Is -1 + a*1 - 1 prime?
False
Let m(c) = 14*c**2 - 3*c + 3. Suppose 2*j = 1 + 3. Is m(j) composite?
False
Suppose 2*d = 0, 0*d = 4*u - 4*d - 24. Let i(w) = -3*w - 7. Let q be i(-5). Suppose 0 = -2*h + q + u. Is h a composite number?
False
Let n(y) = 65*y**2 + 5*y - 11. Is n(4) composite?
False
Let p = 21 - 16. Suppose 15 = -3*a, p*s + 174 = 2*a + 999. Is s a prime number?
True
Is ((-6)/4)/3*1*-646 prime?
False
Suppose 6*n + 4*q - 2706 = 4*n, -n + 5*q = -1332. Is n a composite number?
True
Suppose 0*b - 4 = -2*b. Suppose 4*x - b*x + 117 = u, -3*u - x = -344. Suppose -u = -4*f - f. Is f a prime number?
True
Let b = 11 - 12. Is (-27 + 3)*-12 + b composite?
True
Let k be (-2)/(-4)*(4 + 0). Is (-237)/(-5 + k) + 0 composite?
False
Let a = 8 + -7. Let i = -7 + a. Is (-8)/(-24) - 532/i prime?
True
Let c(r) be the third derivative of -47*r**7/5040 - r**6/720 - r**5/30 + 3*r**2. Let f(s) be the third derivative of c(s). Is f(-1) prime?
False
Let j(i) = i + 1. Let k be j(5). Let a be 94/6 + (-4)/k. Suppose 38 + a = w. Is w prime?
True
Let z = -878 - -1536. Suppose 0*s - s - 849 = -4*b, -3*b + 5*s + z = 0. Is b a prime number?
True
Suppose p - 2 = -0. Suppose p*m - 353 = m. Is m prime?
True
Let t(b) be the first derivative of -b**4/2 - b**3 + b**2/2 + b + 2. Let g be t(3). Let m = -31 - g. Is m a composite number?
True
Let t(s) = -2*s**3 - 6*s - 3. Is t(-4) a composite number?
False
Let j = -7 + 10. Let c be 4 - (-2 - -5 - -1). Suppose c*d - j*d = -93. Is d a prime number?
True
Suppose -20 = 2*y + 4. Is 266/8 + 3/y a composite number?
True
Let b = -1 - 0. Let s be 1*((-212)/b)/2. Suppose z = -z + s. Is z a composite number?
False
Let f(v) = 3*v**3 - 5*v**2 - 4*v - 3. Let u be f(5). Let g = u - 112. Is g a composite number?
True
Let c = -61 + 43. Let l be ((-8)/(-12))/((-4)/c). Suppose -115 = -l*i + 2*i. Is i prime?
False
Suppose 32615 = 5*v - 2*k, 0 = 3*v - k - 0*k - 19568. Is v composite?
False
Suppose -4*b = -4*m + 1388, -3*m + 7*m = -4*b + 1380. Let t = -193 + m. Suppose -2*z = -2*r - r + t, 0 = 5*r - 2*z - 259. Is r prime?
True
Is 4 + (-1)/(-3 + 4) prime?
True
Suppose t = -5*s + 1012, 0 = -5*s - 3*t + 357 + 649. Suppose -2*v + 4*y = -366, 0*v + 3*y - s = -v. Is v a composite number?
False
Let u = 129 + -292. Let i = -415 - u. Let o = -31 - i. Is o composite?
True
Suppose -9*s + 6*s + 1563 = 0. Is s composite?
False
Let r = -1314 + 2033. Is r a composite number?
False
Let f(k) = -k**3 - 5*k**2 - 3*k + 17. Is f(-12) a prime number?
True
Let h(z) = 4*z 